alculate the greatest common divisor of f and i.
7
Let r(f) = f**2 + 6*f + 9. Let d be r(-10). Suppose 10 = -b + d. What is the highest common divisor of 13 and b?
13
Let g = -117 - -121. What is the highest common divisor of g and 16?
4
Let y(s) be the third derivative of 7*s**4/8 + 2*s**3/3 - 3*s**2. Let k be y(4). What is the greatest common divisor of k and 8?
8
Suppose 0 = 16*s - 8*s - 32. What is the highest common divisor of s and 6?
2
Let a = 6 + -1. Suppose -a = -4*z + 3. Let m be (-2)/z - -3*4. What is the greatest common factor of 44 and m?
11
Suppose -p + d + 52 = 0, -2*p + 7*p - 236 = -d. What is the greatest common divisor of p and 32?
16
Let u = -56 - -68. What is the highest common divisor of 48 and u?
12
Let n be (11/1)/(2/14). Suppose -4*c - 10 = -2*x, -3*x - c = 4*c - 26. Calculate the greatest common divisor of x and n.
7
Let p be (-2229)/(-15) - (-6)/15. Let q = p - 13. Let t be ((-5)/(5/34))/(-2). Calculate the highest common factor of t and q.
17
Let d(l) = -14*l - 1. Let i be d(-1). Let f = 18 - i. Suppose -f*h + 89 = -61. What is the greatest common factor of h and 6?
6
Let o(z) = -z**3 - 10*z**2 - 9*z + 4. Suppose 0 = -7*m + 2*m - 45. Let u be o(m). Suppose 5*h = -9 + 29. Calculate the greatest common divisor of h and u.
4
Let r = 19 - -17. What is the highest common divisor of r and 12?
12
Suppose -k = k. Let h be (-10)/(1 - k - 2). Suppose -15 = 2*p - 35. Calculate the greatest common divisor of h and p.
10
Let r be (2 + 2)/2 - 0. Suppose r*f + 4*i - 17 = f, -46 = -2*f + 4*i. What is the greatest common factor of 105 and f?
21
Suppose -74 = -4*w - 3*i + 91, i = 3*w - 114. Calculate the highest common divisor of 39 and w.
39
Suppose 293 = 3*j - t - 309, -j = t - 198. Let x = 93 - 73. What is the greatest common factor of x and j?
20
Suppose -25 = -2*l - 0*l + n, -5*l - 5*n + 100 = 0. Let r = -105 - -270. What is the greatest common divisor of r and l?
15
Suppose -4*y + 105 = 21. What is the greatest common divisor of y and 210?
21
Let z = -42 + 73. Suppose -3*b = -3*j + 3, 3*b + 5*j - 6 = z. What is the highest common factor of 1 and b?
1
Suppose 12*i - 91 - 53 = 0. Calculate the greatest common factor of i and 96.
12
Let w be -4*(-287)/7 - (-3 - -2). What is the greatest common factor of 15 and w?
15
Let x = 17 - 13. What is the greatest common factor of 16 and x?
4
Let p = 77 + -55. Calculate the greatest common factor of 154 and p.
22
Let u(d) = -d**3 - 6*d**2 - 6*d + 5. Let r be 30/(-9)*(-9)/(-6). Let q be u(r). Calculate the highest common divisor of 20 and q.
10
Let t(i) = i**2 - 9*i + 8. Suppose 8*l + 35 = 3*l. Let j be t(l). What is the greatest common divisor of j and 12?
12
Let w be (1/(-2) + 4/(-16))*-4. Calculate the greatest common factor of 12 and w.
3
Suppose -3*r = 5*v - 1488, -5*v + 4*r + 1338 = -178. Calculate the greatest common factor of 25 and v.
25
Let w = 26 + 49. Suppose n = w + 37. Calculate the greatest common factor of 14 and n.
14
Suppose 190 = 5*u - 5*z, -2*z = 2*u - 5*z - 74. What is the greatest common divisor of u and 5?
5
Suppose 5*f - r = 142, 0*r = -f - r + 26. Suppose 4 + f = 4*y. Calculate the highest common divisor of 20 and y.
4
Let d = 28 + -1. Calculate the greatest common factor of 3 and d.
3
Let c = 17 - -18. Suppose 7*n - 12 = 86. Calculate the highest common factor of n and c.
7
Suppose -3*x - 14 = -116. Calculate the greatest common divisor of 51 and x.
17
Suppose 10*u - 420 = -0*u. Calculate the greatest common factor of 168 and u.
42
Let i be (0 + -1)*(1 + -9). Suppose -3*w - 9 = -3*v, 5*v + 6 = 3*v - 2*w. Suppose -3*g + 37 + 11 = v. Calculate the greatest common divisor of i and g.
8
Suppose -3*l + 46 + 11 = 0. Calculate the highest common divisor of l and 19.
19
Let k be (4/8)/(1/4). Suppose -33 = -k*g + 103. Suppose 5*y - g = -l, 3*l - 188 = l + 3*y. What is the greatest common divisor of 11 and l?
11
Let z = 72 + -37. What is the highest common divisor of z and 7?
7
Suppose 24 = 14*h - 13*h. What is the greatest common divisor of 8 and h?
8
Let g be 72/4*(5 - -1). Let u be 12*(4 + 0 + -3). Calculate the highest common divisor of g and u.
12
Let u(z) = 15 - 2*z + 2*z + 4*z + 0*z. Let n be u(12). Calculate the highest common divisor of n and 9.
9
Suppose -2*t + 13 = -3*t - 5*s, -2*t = -s - 7. Suppose -1 = -g + t. Calculate the greatest common factor of g and 9.
3
Let g be ((-12)/(-20))/(1/5). Let q = -1 + g. Calculate the greatest common divisor of q and 8.
2
Suppose -3*t - 5 = 3*p + t, -2*p - t = 0. Let r = 5 + p. What is the greatest common factor of r and 48?
6
Let c = -104 + 229. Calculate the greatest common divisor of c and 50.
25
Let u = 3 - -1. Let s be 0/8*2/u. Suppose -l + 44 = -4*y, s = 6*l - 2*l - 5*y - 154. Calculate the greatest common factor of l and 9.
9
Let a(o) = -o**3 - 15*o**2 - 21*o - 26. Let d be a(-14). What is the highest common divisor of d and 24?
24
Let n = -52 + 117. What is the highest common divisor of 26 and n?
13
Suppose 0 = i + 12*y - 9*y - 223, -i + 220 = 4*y. Calculate the highest common divisor of i and 8.
8
Suppose -q - q = r - 205, 835 = 4*r + 5*q. Suppose 2*h - r = -h + a, 0 = h + 4*a - 76. What is the highest common factor of h and 9?
9
Suppose -4*o = 8 - 40. Let m be 63 - -2*(-2)/(-4). What is the highest common divisor of m and o?
8
Let n be 3/((-3)/28)*-6. What is the greatest common factor of 24 and n?
24
Let i = -31 + 35. Calculate the greatest common divisor of i and 6.
2
Let j(m) = m + 5. Let z be j(-2). What is the greatest common divisor of 33 and z?
3
Suppose 4 + 8 = 4*q. Suppose -2*z - 2*w + 22 = -6*w, -w + 26 = q*z. What is the highest common divisor of z and 1?
1
Let q(a) = 14*a - 96. Let l be q(21). What is the greatest common divisor of l and 22?
22
Suppose -2*u = -1 - 15. What is the highest common factor of 40 and u?
8
Let z(i) = 5*i - 8. Let h be z(5). What is the highest common divisor of h and 153?
17
Let h = 7 + -4. Let o(f) = -h + f + 0*f + 8. Let q be o(4). What is the greatest common factor of q and 3?
3
Let h = 24 - 17. Let g be (-1832)/56 - 2/h. Let o = 53 + g. Calculate the highest common divisor of 100 and o.
20
Suppose 54 = 5*p + t, -3*t = -8 - 4. What is the highest common divisor of p and 50?
10
Let y be (6/(-2))/3*-267. Let h = y + -127. Suppose -6*r = -r - h. What is the greatest common factor of r and 7?
7
Let r = -47 + 72. Let l(m) = -m - 3. Let k be l(-5). Suppose -k*p = -2 - 18. What is the greatest common factor of p and r?
5
Suppose 5 = -4*g + 61. Let r(h) = -12*h - 44. Let c be r(-6). Calculate the greatest common divisor of c and g.
14
Suppose -29*n + 286 = -3*n. Calculate the highest common factor of 99 and n.
11
Suppose -5*m = -6 - 9. Suppose -5*l + 10 = 0, l = -2*y - 0*l + 68. Calculate the greatest common divisor of y and m.
3
Let s(z) = 18*z**2 + 4*z. Let l be s(-1). Calculate the highest common factor of 28 and l.
14
Let v(a) = -3*a + 27. Let s be v(8). What is the greatest common divisor of s and 21?
3
Let c be 58/145 + 223/5. Calculate the highest common divisor of 18 and c.
9
Let a = -48 + 88. Let i be (2 + 7/(-3))*-123. Let j = -25 + i. Calculate the highest common factor of j and a.
8
Suppose 4*s + 0*c - 125 = c, s - 44 = -4*c. Let b(g) = -g**2 - 6*g + 8. Let u be b(-6). What is the greatest common divisor of s and u?
8
Let i = 8 + -2. Let d(c) = c**2 - 3*c - 2. Let q be d(i). Let b = 378 - 250. What is the highest common factor of b and q?
16
Let z = -8 + 3. Let q = z + 15. Suppose 5*g - 65 = -w, 0*g + 30 = w - 2*g. Calculate the highest common factor of w and q.
10
Let r(j) = j**2 - 5*j + 6. Let u be r(5). What is the highest common factor of u and 15?
3
Suppose 3*d + 4 = 5*d. Suppose 0 = g + 2*m - 13, 4*g - d*m = -5*m + 57. Calculate the highest common factor of 5 and g.
5
Suppose 2*v = 6, 4*v - 2*v - 86 = -4*d. Suppose -a - 5 = -8. Suppose a*j - d = -2. Calculate the greatest common divisor of 54 and j.
6
Let o be (-4 - (-4 - -3)) + 5. Let p be (1 - o)/((-5)/115). Suppose -3*g + 12 = 0, -t - 5*g + p + 141 = 0. What is the highest common divisor of t and 18?
18
Suppose 3*t = -0*t + 9. Let s(u) = -u + 19. Let n be s(14). Suppose -4*h - 4*x = x - 31, 4 = h + n*x. What is the greatest common divisor of t and h?
3
Let l be (-2 + 5)*(-56)/(-6). Calculate the greatest common 